he prime factors of (264/(-30))/((-6)/15).
2, 11
Let l = -11 + 8. Let i be -1*((1 - l) + -2). List the prime factors of ((-6)/4*i)/1.
3
List the prime factors of ((-2)/(-4) + 2)*6.
3, 5
Suppose -3*i = -2*z - 37, -2*z - z = -4*i + 49. List the prime factors of i.
13
Let o(q) = q**2 - 2*q - 1. What are the prime factors of o(4)?
7
Let i = -5 + 9. Suppose j - i*j - 2*n = 0, -4*n = 5*j + 2. What are the prime factors of j?
2
Let z = -50 - -72. List the prime factors of z.
2, 11
List the prime factors of (5 + 0)/(2/10).
5
Suppose -o + 0*o = 2. Let g be 27/21 - o/(-7). What are the prime factors of g + -2 + (-20)/(-2)?
3
Let q be ((-18)/8)/(1/(-12)). Suppose 5*b - q = -12. Suppose -b*u + 9 = -21. What are the prime factors of u?
2, 5
Let z = -3 + 3. Let q be (z/3)/(-3*1). Suppose 4*g + q = -4, 76 = 5*s - g. List the prime factors of s.
3, 5
Let d = -8 + 4. Let k = d - -18. Let j = 20 - k. List the prime factors of j.
2, 3
Suppose -2*m = 5*z - 41, 4*m = -4*z - 3 + 43. Suppose 10*f = 9*f - 2. What are the prime factors of (3 - z*f) + -2?
3, 5
Let k = 13 - -50. List the prime factors of k.
3, 7
Let s(w) = 4*w + 1 - 5*w - 1. Let j be s(7). Let a = j - -25. List the prime factors of a.
2, 3
Let h = 42 - 96. What are the prime factors of 15/(-10) - h/4?
2, 3
Suppose -2*z = -73 - 63. What are the prime factors of z?
2, 17
Let p be -2 + 8 + (-2)/1. Suppose 0 = -5*r - 4*h + 16, -p*r + 6*r - h - 9 = 0. List the prime factors of r.
2
Let s be (-1)/(((-4)/(-3))/4). List the prime factors of (-22)/((6/s)/2).
2, 11
Let i = -4 + 4. Suppose i = -2*m - 7 + 29. List the prime factors of m.
11
Let i(y) = 5*y**2 + y - 16. Let o be i(-5). Let u = o + -62. List the prime factors of u.
2, 3, 7
Suppose 2*v + 2*v - 196 = 2*h, 0 = 2*v + 3*h - 90. List the prime factors of v.
2, 3
Let h = 85 + -45. What are the prime factors of h?
2, 5
Let t be (-4)/12 + 8/(-3). Let b(a) = a**3 + 4*a**2 - 2*a - 2. Let u be b(t). Suppose 14 = 3*d - u. What are the prime factors of d?
3
Let s be (-3)/(-12) + 9/12. Let b(x) = 13*x**2. What are the prime factors of b(s)?
13
Suppose 2*l = 3*l + 6. Let b = l + 16. Suppose 0 = -2*t + t + b. What are the prime factors of t?
2, 5
Let w = -12 - -14. List the prime factors of w.
2
Let u(s) = -12 - 11*s + 7*s**2 - 2*s**3 + 3*s**3 + 3 - s**2. List the prime factors of u(-7).
19
Let k(f) = 0 + 7 + 4*f + f**3 + 6*f**2 - 5. What are the prime factors of k(-3)?
17
Let n(k) = -14*k. What are the prime factors of n(-1)?
2, 7
Let a = -4 - -4. Let c = -5 + 3. List the prime factors of 15*1 + a + c.
13
Let i(q) = -4*q**2 + q + 2. Let u(c) = -16*c**2 + 5*c + 9. Let h(j) = -9*i(j) + 2*u(j). Let z be h(-1). List the prime factors of (z*2)/(1 + 1).
3
Let j = -78 - -137. List the prime factors of j.
59
Let a = -62 + 92. Suppose 0*l = 5*l - a. List the prime factors of l.
2, 3
Suppose r - 5 = -3, 3*u + 5*r = 4. Suppose 0 = -x + 4*f + 36, -4*x - 5*f = -2*f - 68. Let y = x + u. List the prime factors of y.
2, 3
Suppose 40 + 64 = 2*q. List the prime factors of q.
2, 13
Suppose q - 3*q = -8, -5*q = -3*t + 520. Let b be (-204)/(-8) + (5/(-2) - -3). What are the prime factors of 4/b + t/13?
2, 7
Suppose -5*q = 20, -t + 11 = 2*q - 40. List the prime factors of t.
59
Let i = 51 - -2. List the prime factors of i.
53
Let s = -2 + 13. Let d = s + 17. What are the prime factors of d?
2, 7
What are the prime factors of -1*1 + -4 + 15?
2, 5
Let w = 52 + 11. Suppose -3 = 5*r - w. List the prime factors of r.
2, 3
Let g(c) = -c**3 - 6*c**2 - 3*c - 3. Let w be g(-4). What are the prime factors of (2 - 3)*2 - w?
3, 7
Suppose -3*o - 242 = -b - b, -5*b = -4*o - 591. Suppose 0 = -z + 6*z - b. What are the prime factors of z?
23
Suppose 6*z = 3*z. Suppose -8*k + 4*k + 8 = z. List the prime factors of k.
2
Let o(v) = v**3 - v**2 + v + 24. Let k be o(0). What are the prime factors of 268/k + 2/(-12)?
11
Let m be -5*(-1)/(-3)*-3. Suppose -4*x + 3*x + m = 0. Suppose 0 = 5*p - 4*k - 28, 0 = 5*p + x*k - 5 - 50. List the prime factors of p.
2
Suppose 3 + 3 = d. What are the prime factors of d?
2, 3
Let b = 264 - -42. Suppose 2*k - 8*k + b = 0. What are the prime factors of k?
3, 17
Suppose -4*r - 187 + 1179 = 0. What are the prime factors of r?
2, 31
Let o(s) = s**3 + 6*s**2 + 2*s + 6. What are the prime factors of o(-5)?
3, 7
Suppose 3*m + 10 = 5*m. Suppose -23 = 3*t + w, t - 2*t = w + m. What are the prime factors of (t - -24)*3/5?
3
Suppose l - 2*i - 11 = 34, 4 = -4*i. Suppose -5*y + l = 2*h, -2*y + 2*h = 2*y - 38. Suppose 5*t - y = 1, -4*u - 3*t + 46 = 0. List the prime factors of u.
2, 5
Suppose 3*o - 4*i - 364 = 0, 498 = 4*o + 2*i - i. List the prime factors of o.
2, 31
Let g be 2/1*-1 + 5. Suppose -5*z = g - 23. Suppose 4*u = -16, -z*d - 2*u + 32 = 2*u. List the prime factors of d.
2, 3
Let k(f) = -f + 1. Let o(s) = 21*s - 24. Let t(h) = 18*k(h) + o(h). Let a be t(4). What are the prime factors of a*((-3)/9 + 1)?
2
Let o(i) = -3*i - 2. Let v be o(-2). Suppose -5*x + 1 = -v*x. Suppose -h = w + x, -3*w + 3*h + 29 = -2*h. List the prime factors of w.
3
Let a = 87 + -12. List the prime factors of ((-60)/a)/(2/(-30)).
2, 3
Suppose 0 = -2*c - 5 - 65. Let h = -6 - c. What are the prime factors of h?
29
Let m = 12 - 7. Suppose t = m*t - 64. Suppose -g - g = -t. What are the prime factors of g?
2
Let p(a) = 7*a**2 - 4*a**2 - 2*a**2 + 3. Let t be p(0). List the prime factors of 49/t - 8/(-12).
17
Suppose 3*p - 26 = 2*p. What are the prime factors of p?
2, 13
Let d be (5 - 2) + -1 + -11. List the prime factors of (24/d)/(-4)*12.
2
Let i = 38 + -13. Suppose 4*q - m - 88 = 0, -3*q = -m - 41 - i. What are the prime factors of q?
2, 11
Suppose 0 = -5*r + 3*b - 38, 2*r - 7*b + 4*b = -8. Let z = 16 + r. List the prime factors of z.
2, 3
Let j be 1/(15/6 - 2). Let n(s) = -5*s - 5 + 5*s + j*s. What are the prime factors of n(5)?
5
Let h = 9 - 5. Suppose 0 = -4*j - j - 2*b + 33, -3*j - 1 = -h*b. Suppose -j*x + 87 = 7. What are the prime factors of x?
2
Suppose -q - 7 = 2*i, -5 = i + q - 0*q. Let s = 4 - i. Let h = -3 + s. What are the prime factors of h?
3
Suppose 0 = -5*n + 20, 2*h + 52 - 140 = -n. Suppose 0*a = 3*a - h. Suppose -4 - a = -3*p. What are the prime factors of p?
2, 3
Let u(k) = k**2 + 2*k - 5. What are the prime factors of u(-4)?
3
Suppose -4*q = 20, -6 - 7 = -3*o + 5*q. What are the prime factors of (-64 + 1)*o/12?
3, 7
What are the prime factors of (-1)/(-1) + 112/1 - -1?
2, 3, 19
Suppose -d = -4*d + 228. What are the prime factors of d?
2, 19
Let y(d) = 3*d**2 - d - 5. What are the prime factors of y(-8)?
3, 5, 13
Let b(u) = -37*u + 2. Let g be b(-2). Suppose 2*w - 4*h - g = 0, 150 = 6*w - w - 2*h. What are the prime factors of w?
2, 7
Let r = -207 - -293. Suppose 18 - r = -2*a. What are the prime factors of a?
2, 17
Let k(w) = -w**2 - 7*w - 5. Let s be k(-6). Suppose 13 - s = 2*x. List the prime factors of x.
2, 3
Let b(a) = a**3 - 7*a**2 + a + 4. What are the prime factors of b(7)?
11
Let n(k) = -k**2 - k. Let m be n(-2). Let j be 372/28 + m/7. Suppose -5*a - j + 63 = 0. What are the prime factors of a?
2, 5
Let l(b) = b**3 - 9*b**2 + 2*b - 12. Suppose 0 = -y - 0*c + 3*c + 3, -21 = -3*y + 3*c. Let p be l(y). List the prime factors of ((-42)/9)/((-4)/p).
7
Let q = 195 - 129. What are the prime factors of q?
2, 3, 11
Let b(w) = -w**3 - w**2 + 3*w. Let f be (-2)/4*(14 - 0). Let i(m) = -m**3 - 6*m**2 + 6*m - 10. Let z be i(f). What are the prime factors of b(z)?
3
Let j = 86 - -10. List the prime factors of j.
2, 3
Suppose f + 8 = -0. Let l = 19 + f. What are the prime factors of l?
11
Let q(v) = v**3 + 7*v**2 - 9*v + 2. Let s be q(-8). Let j = 3 - s. Let p = j + 15. What are the prime factors of p?
2
List the prime factors of 9/(-36) - 1074/(-8).
2, 67
Let b = -20 - -29. List the prime factors of b.
3
Let y(j) = -2*j**3 + 10*j**2 + 3*j + 7. Let b(s) = -3*s**3 + 10*s**2 + 4*s + 6. Let h(l) = -3*b(l) + 4*y(l). List the prime factors of h(-10).
2, 5
Let o(q) = -q + 1. Let h be o(3). Let y be 1 - -1*(3 + h). Suppose -4*f + 4 = 0, -f - y*f = 5*i - 13. What are the prime factors of i?
2
Suppose 0 = 3*b - 0*b - 96. What are the prime factors of 1/8 - (-1468)/b?
2, 23
Let m(u) = u**3 - 2*u**2 - 2. Let h be m(2). Suppose 2*k - 18 = 4*g + 12, -15 = 4*g + 3*k. What are the prime factors of h*(27/g - 